{"id":10989,"date":"2019-10-31T12:30:08","date_gmt":"2019-10-31T09:30:08","guid":{"rendered":"https:\/\/www.oet-turkey.com\/oet-hakkinda-clone\/"},"modified":"2023-03-02T16:30:14","modified_gmt":"2023-03-02T13:30:14","slug":"sinava-hazirlik","status":"publish","type":"page","link":"https:\/\/studyinuk-turkey.com\/oet-turkey\/sinava-hazirlik\/","title":{"rendered":"OET S\u0131nav\u0131na Haz\u0131rl\u0131k"},"content":{"rendered":"","protected":false},"excerpt":{"rendered":"","protected":false},"author":5,"featured_media":0,"parent":0,"menu_order":0,"comment_status":"closed","ping_status":"closed","template":"","meta":{"footnotes":""},"class_list":["post-10989","page","type-page","status-publish","hentry"],"aioseo_notices":[],"_links":{"self":[{"href":"https:\/\/studyinuk-turkey.com\/oet-turkey\/wp-json\/wp\/v2\/pages\/10989","targetHints":{"allow":["GET"]}}],"collection":[{"href":"https:\/\/studyinuk-turkey.com\/oet-turkey\/wp-json\/wp\/v2\/pages"}],"about":[{"href":"https:\/\/studyinuk-turkey.com\/oet-turkey\/wp-json\/wp\/v2\/types\/page"}],"author":[{"embeddable":true,"href":"https:\/\/studyinuk-turkey.com\/oet-turkey\/wp-json\/wp\/v2\/users\/5"}],"replies":[{"embeddable":true,"href":"https:\/\/studyinuk-turkey.com\/oet-turkey\/wp-json\/wp\/v2\/comments?post=10989"}],"version-history":[{"count":6,"href":"https:\/\/studyinuk-turkey.com\/oet-turkey\/wp-json\/wp\/v2\/pages\/10989\/revisions"}],"predecessor-version":[{"id":12006,"href":"https:\/\/studyinuk-turkey.com\/oet-turkey\/wp-json\/wp\/v2\/pages\/10989\/revisions\/12006"}],"wp:attachment":[{"href":"https:\/\/studyinuk-turkey.com\/oet-turkey\/wp-json\/wp\/v2\/media?parent=10989"}],"curies":[{"name":"wp","href":"https:\/\/api.w.org\/{rel}","templated":true}]}}