{"id":11952,"date":"2022-11-23T12:28:41","date_gmt":"2022-11-23T09:28:41","guid":{"rendered":"https:\/\/www.studyinuk-turkey.com\/oet-turkey\/?page_id=11952"},"modified":"2022-11-23T12:28:41","modified_gmt":"2022-11-23T09:28:41","slug":"cerez-ve-gizlilik-metni","status":"publish","type":"page","link":"https:\/\/studyinuk-turkey.com\/oet-turkey\/cerez-ve-gizlilik-metni\/","title":{"rendered":"\u00c7erez ve Gizlilik Metni"},"content":{"rendered":"<div class=\"wpb-content-wrapper\"><p>[vc_row][vc_column][vc_column_text]<\/p>\n<h3>\u00c7erez ve Gizlilik Metni<\/h3>\n<p>[\/vc_column_text][vc_column_text]<strong>SI UK E\u011e\u0130T\u0130M TUR\u0130ZM PAZ. SAN. VE T\u0130C. LTD.\u015eT\u0130. \u00c7EREZ VE G\u0130ZL\u0130L\u0130K POL\u0130T\u0130KASI<\/strong><\/p>\n<p>SI UK E\u011e\u0130T\u0130M TUR\u0130ZM PAZ. SAN. VE T\u0130C. LTD.\u015eT\u0130. (Study in UK \u2013 Turkey) mahremiyetinizi korumay\u0131 ve bunlara sayg\u0131 g\u00f6stermeyi taahh\u00fct eder. T\u00fcm m\u00fc\u015fterilerimizin ve site kullan\u0131c\u0131lar\u0131n\u0131n gizlili\u011fini ciddiye al\u0131yoruz ve ki\u015fisel bilgilerinizi korumak i\u00e7in b\u00fcy\u00fck \u00f6zen g\u00f6steriyoruz.<\/p>\n<p><strong>\u015eirket Bilgileri<\/strong><br \/>\nBahariye Cad. K\u0131rtasiyeci Sok No:17 Kadik\u00f6y\/\u0130stanbul<br \/>\nTel: +0 216 709 41 71<br \/>\nE-mail: info@studyinuk-turkey.com<\/p>\n<p><strong>Gizlilik ve Genel \u0130lkeler<\/strong><br \/>\nBu politika, bu web sitesini kullanan ger\u00e7ek ki\u015filer hakk\u0131nda ki\u015fisel olarak tan\u0131mlanabilir bilgilerin (toplanmas\u0131, kullan\u0131lmas\u0131, aktar\u0131lmas\u0131, depolanmas\u0131 ve silinmesi de dahil olmak \u00fczere) her t\u00fcrl\u00fc i\u015flemeyi (fiziksel bir ki\u015fiyi tan\u0131mlamak i\u00e7in kullan\u0131labilecek herhangi bir bilgiyi ve bununla ili\u015fkili di\u011fer bilgileri) y\u00f6netir. Bu politika, d\u00fcnyan\u0131n herhangi bir yerindeki ki\u015filerden \u00e7evrimi\u00e7i olarak aktif ve pasif olarak \u00e7evrimi\u00e7i olarak toplanan verilerin i\u015flenmesi i\u00e7in de ge\u00e7erlidir. Ki\u015fisel verilerin i\u015flenmesiyle ilgili herhangi bir soru, \u015fu adrese y\u00f6nlendirilebilir:info@studyinuk-turkey.com<\/p>\n<p>Sizden hangi bilgileri toplayabilece\u011fimizi, onu nas\u0131l kullanabilece\u011fimizi ve kullan\u0131m\u0131m\u0131zla ilgili haklar\u0131n\u0131z\u0131 anlamak i\u00e7in l\u00fctfen a\u015fa\u011f\u0131daki politikay\u0131 dikkatlice okuyun.<\/p>\n<p>Verileri i\u015flerken a\u015fa\u011f\u0131daki ilkelere rehberlik edece\u011fiz.<br \/>\nSadece belirli ve belirli ama\u00e7lar i\u00e7in veri toplayaca\u011f\u0131z.<br \/>\nBu ama\u00e7lar\u0131 ger\u00e7ekle\u015ftirmek i\u00e7in gerekenlerin \u00f6tesinde veri toplamayaca\u011f\u0131z.<br \/>\nVerileri, burada belirtilenler d\u0131\u015f\u0131nda veya \u00f6nceden izin almaks\u0131z\u0131n toplanan veriler d\u0131\u015f\u0131ndaki ama\u00e7lar i\u00e7in kullanmayaca\u011f\u0131z.<br \/>\nVerileri burada belirtilenler d\u0131\u015f\u0131nda veya \u00f6nceden izin almaks\u0131z\u0131n \u00fc\u00e7\u00fcnc\u00fc ki\u015filere veya s\u0131n\u0131r \u00f6tesi ki\u015filere aktarmayaca\u011f\u0131z.<br \/>\nVerileri periyodik olarak do\u011frulamaya ve \/ veya g\u00fcncellemeye \u00e7al\u0131\u015faca\u011f\u0131z ve ki\u015fisel verilerin de\u011fi\u015ftirilmesi i\u00e7in talepleri kabul edece\u011fiz.<br \/>\nVerilerin i\u015flenmesini g\u00fcvenli hale getirmek i\u00e7in y\u00fcksek teknik standartlar uygulayaca\u011f\u0131z.<br \/>\nBurada belirtilmedi\u011fi s\u00fcrece, amac\u0131n\u0131 yerine getirmek i\u00e7in gerekenden daha uzun s\u00fcre veya yasalar\u0131n gerektirdi\u011fi \u015fekilde verileri tan\u0131mlanabilir bi\u00e7imde depolamayaca\u011f\u0131z.<\/p>\n<p><strong>IP Adresleri ve \u00c7erezler<\/strong><br \/>\nWeb sitemize girdikten sonra herhangi bir noktadan, IP adresiniz, i\u015fletim sisteminiz ve taray\u0131c\u0131 t\u00fcr\u00fcn\u00fcz dahil kullan\u0131c\u0131 analizi i\u00e7in bilgisayar\u0131n\u0131z hakk\u0131nda bilgi toplayabiliriz. Bu, kullan\u0131c\u0131lar\u0131n g\u00f6z atma eylemleri ve kal\u0131plar\u0131 hakk\u0131ndaki istatistiksel verilerdir ve bu bilgiler, bilgilendirilmi\u015f r\u0131zas\u0131 olan bir kullan\u0131c\u0131 taraf\u0131ndan verilmedi\u011fi s\u00fcrece herhangi bir bireyi tan\u0131mlamaz.<\/p>\n<p>Bilgisayar\u0131n\u0131z\u0131n sabit diskinde depolanan bir \u00e7erez dosyas\u0131n\u0131 kullanarak genel \u0130nternet kullan\u0131m\u0131n\u0131z hakk\u0131nda bilgi alabiliriz. \u00c7erezler, bilgisayar\u0131n\u0131z\u0131n sabit diskine aktar\u0131lan bilgileri i\u00e7erir. Web sitemizi geli\u015ftirmemize ve daha iyi ve ki\u015fiselle\u015ftirilmi\u015f bir hizmet sunmam\u0131za yard\u0131mc\u0131 oluyorlar. \u00d6zetle, kulland\u0131\u011f\u0131m\u0131z \u00e7erezler bize izin veriyor:<br \/>\nGenel kitle boyutumuzu ve sitemizi nas\u0131l kulland\u0131klar\u0131n\u0131 tahmin etmek<\/p>\n<p>Sitemize d\u00f6nd\u00fc\u011f\u00fcn\u00fczde sizi tan\u0131mak i\u00e7in<br \/>\nSitemizi ki\u015fisel ilgi alanlar\u0131n\u0131za g\u00f6re \u00f6zelle\u015ftirmemize izin vermek i\u00e7in tercihleriniz hakk\u0131nda bilgi depolamak i\u00e7in<br \/>\nAramalar\u0131n\u0131z\u0131 h\u0131zland\u0131rmak i\u00e7in<br \/>\nAyr\u0131ca baz\u0131 \u00fc\u00e7\u00fcnc\u00fc taraflar\u0131n web sitemizi kullan\u0131rken \u00e7erezleri toplamalar\u0131na izin verece\u011fiz. \u00d6zet olarak, \u00e7erezler bize \u015funlar\u0131 sa\u011flayacakt\u0131r:<br \/>\nZiyaret etti\u011finiz ilk ve son sayfalar\u0131 ve web sitesine yap\u0131lan toplam ziyaret say\u0131n\u0131z\u0131 izleyin.<br \/>\nWeb sitemizde bulunan herhangi bir sayfada ne kadar zaman harcad\u0131\u011f\u0131n\u0131z\u0131 izleyin.<br \/>\nWeb sitesini nas\u0131l ziyaret etti\u011finizi izleyin.<br \/>\nAnahtar kelime aramalar\u0131, arama motoru bilgileri veya y\u00f6nlendirenleri i\u00e7eren web sitesine nas\u0131l girdi\u011finizi izleyin.<br \/>\nEri\u015fti\u011finiz kaynaklar\u0131 izleyin.<\/p>\n<p><strong>Bilgilerinizi nas\u0131l kullanaca\u011f\u0131z?<\/strong><br \/>\nHakk\u0131n\u0131zda tutulan bilgileri a\u015fa\u011f\u0131daki \u015fekillerde kullanabiliriz:<br \/>\nTercihlerinizi yerine getirmek i\u00e7in uygun, daha ki\u015fiselle\u015ftirilmi\u015f bir hizmet sunmam\u0131za yard\u0131mc\u0131 olacak bir profil olu\u015fturmak i\u00e7in.<br \/>\nSitemizdeki i\u00e7eriklerin siz ve bilgisayar\u0131n\u0131z i\u00e7in en etkili \u015fekilde sunulmas\u0131n\u0131 sa\u011flamak.<br \/>\nSize haber b\u00fcltenlerimizi g\u00f6ndermek veya bizden talep etti\u011finiz veya ilginizi \u00e7ekebilece\u011fini d\u00fc\u015f\u00fcnd\u00fc\u011f\u00fcm\u00fcz, bu gibi ama\u00e7larla ileti\u015fim kurmay\u0131 kabul etti\u011finiz bilgileri, \u00fcr\u00fcnleri veya hizmetleri size sunmak i\u00e7in.<br \/>\nBunu se\u00e7ti\u011finizde, hizmetimizin etkile\u015fimli \u00f6zelliklerine kat\u0131lman\u0131za izin vermek i\u00e7in.<br \/>\nSize servisimizdeki de\u011fi\u015fiklikler hakk\u0131nda bilgi vermek.<br \/>\nSI UK E\u011e\u0130T\u0130M TUR\u0130ZM PAZ. SAN. VE T\u0130C. LTD.\u015eT\u0130. (Study in UK \u2013 Turkey) alt markalar\u0131 dahilinde bilgilendirmelerden haberdar olmak;<\/p>\n<ul>\n<li>Yurtd\u0131\u015f\u0131nda E\u011fitim ve Vize Hizmetleri,<\/li>\n<li>IELTS S\u0131nav\u0131 E\u011fitim ve Haz\u0131rl\u0131k<\/li>\n<li>OET S\u0131nav\u0131 E\u011fitim ve Haz\u0131rl\u0131k<\/li>\n<li>Cambridge English Exams E\u011fitim ve Haz\u0131rl\u0131k<\/li>\n<\/ul>\n<p><strong>Ki\u015fsel bilgilerinizi nas\u0131l kullanaca\u011f\u0131z?<\/strong> &#8211; Bu web sitesini kullan\u0131rken veya SI UK E\u011e\u0130T\u0130M TUR\u0130ZM PAZ. SAN. VE T\u0130C. LTD.\u015eT\u0130. ile i\u015f yaparken ki\u015fisel olarak, kullan\u0131c\u0131 taraf\u0131ndan ileti\u015fim amac\u0131yla (ad, adres, telefon numaras\u0131, e-posta) verilmi\u015f olabilir. Bu bilgilerin veritaban\u0131m\u0131zdan silinmesi i\u00e7in istedi\u011finiz zaman bize ula\u015fabilirsiniz.<\/p>\n<p><strong>\u00c7erezler<\/strong> &#8211; \u00c7o\u011fu taray\u0131c\u0131 \u00e7erezleri otomatik olarak kabul eder. Taray\u0131c\u0131n\u0131z\u0131 \u00e7erezleri kabul etmeyecek \u015fekilde ayarlayarak \u00e7erezlerin bilgisayar\u0131n\u0131zda veya cihaz\u0131n\u0131zda saklanmas\u0131n\u0131 \u00f6nleyebilirsiniz. Baz\u0131 taray\u0131c\u0131lar, bir ziyaretten sonra \u00e7erezlerin her zaman silindi\u011fi bir mod sa\u011flar. Bunun i\u00e7in tam talimatlar, taray\u0131c\u0131n\u0131z\u0131n k\u0131lavuzunda bulunabilir. Bilgisayar\u0131n\u0131zda veya cihaz\u0131n\u0131zda bulunan \u00e7erezleri istedi\u011finiz zaman silebilirsiniz. \u00c7erezleri hi\u00e7 kabul etmemeyi se\u00e7erseniz, web sitemizi yine de ziyaret edebilirsiniz, ancak \u00e7erezler olmadan en iyi deneyimi garanti edemeyiz.<\/p>\n<p>[\/vc_column_text][\/vc_column][\/vc_row]<\/p>\n<\/div>","protected":false},"excerpt":{"rendered":"<p>[vc_row][vc_column][vc_column_text] \u00c7erez ve Gizlilik Metni [\/vc_column_text][vc_column_text]SI UK E\u011e\u0130T\u0130M TUR\u0130ZM PAZ. SAN. VE T\u0130C. LTD.\u015eT\u0130. \u00c7EREZ VE G\u0130ZL\u0130L\u0130K POL\u0130T\u0130KASI SI UK E\u011e\u0130T\u0130M TUR\u0130ZM PAZ. SAN. VE T\u0130C. LTD.\u015eT\u0130. (Study in UK \u2013 Turkey) mahremiyetinizi korumay\u0131 ve bunlara sayg\u0131 g\u00f6stermeyi taahh\u00fct eder. T\u00fcm m\u00fc\u015fterilerimizin ve site kullan\u0131c\u0131lar\u0131n\u0131n gizlili\u011fini ciddiye al\u0131yoruz ve ki\u015fisel bilgilerinizi korumak i\u00e7in b\u00fcy\u00fck \u00f6zen [&hellip;]<\/p>\n","protected":false},"author":5,"featured_media":0,"parent":0,"menu_order":0,"comment_status":"closed","ping_status":"closed","template":"","meta":{"footnotes":""},"class_list":["post-11952","page","type-page","status-publish","hentry"],"aioseo_notices":[],"_links":{"self":[{"href":"https:\/\/studyinuk-turkey.com\/oet-turkey\/wp-json\/wp\/v2\/pages\/11952","targetHints":{"allow":["GET"]}}],"collection":[{"href":"https:\/\/studyinuk-turkey.com\/oet-turkey\/wp-json\/wp\/v2\/pages"}],"about":[{"href":"https:\/\/studyinuk-turkey.com\/oet-turkey\/wp-json\/wp\/v2\/types\/page"}],"author":[{"embeddable":true,"href":"https:\/\/studyinuk-turkey.com\/oet-turkey\/wp-json\/wp\/v2\/users\/5"}],"replies":[{"embeddable":true,"href":"https:\/\/studyinuk-turkey.com\/oet-turkey\/wp-json\/wp\/v2\/comments?post=11952"}],"version-history":[{"count":1,"href":"https:\/\/studyinuk-turkey.com\/oet-turkey\/wp-json\/wp\/v2\/pages\/11952\/revisions"}],"predecessor-version":[{"id":11953,"href":"https:\/\/studyinuk-turkey.com\/oet-turkey\/wp-json\/wp\/v2\/pages\/11952\/revisions\/11953"}],"wp:attachment":[{"href":"https:\/\/studyinuk-turkey.com\/oet-turkey\/wp-json\/wp\/v2\/media?parent=11952"}],"curies":[{"name":"wp","href":"https:\/\/api.w.org\/{rel}","templated":true}]}}